{"id":1974,"date":"2023-03-14T08:14:52","date_gmt":"2023-03-14T08:14:52","guid":{"rendered":"https:\/\/vixav.com.vn\/?post_type=product&#038;p=1974"},"modified":"2023-03-14T08:15:27","modified_gmt":"2023-03-14T08:15:27","slug":"may-chieu-fly-cana","status":"publish","type":"product","link":"https:\/\/vixav.com.vn\/index.php\/san-pham\/may-chieu-fly-cana\/","title":{"rendered":"M\u00e1y chi\u1ebfu Fly Cana"},"content":{"rendered":"<div dir=\"auto\">Flys Cana L\u00e0 phi\u00ean b\u1ea3n n\u00e2ng c\u1ea5p t\u1eeb M19 v\u1edbi nhi\u1ec1u c\u1ea3i ti\u1ebfn m\u1edbi: \u0110\u1ed9 s\u00e1ng t\u0103ng 15% trong khi c\u00f4ng su\u1ea5t ti\u00eau th\u1ee5 gi\u1ea3m 10%, \u0110\u1ed9 \u1ed3n gi\u1ea3m 20% nh\u1edd t\u1ea3n nhi\u1ec7t k\u00e9p di\u1ec7n t\u00edch r\u1ed9ng g\u1ea5p 2 M19. Hi\u1ec7n t\u01b0\u1ee3ng out n\u00e9t g\u00f3c g\u1ea7n nh\u01b0 kh\u00f4ng c\u00f2n. C\u1eeda l\u1ecdc b\u1ee5i thi\u1ebft k\u1ebf m\u1edbi gi\u00fap d\u1ec5 d\u00e0ng v\u1ec7 sinh, gi\u1ea3m thi\u1ec3u r\u1ee7i ro ch\u00e1y LCD.<\/div>\n<div dir=\"auto\"><\/div>\n","protected":false},"excerpt":{"rendered":"<div dir=\"auto\">TH\u00d4NG S\u1ed0 K\u1ef8 THU\u1eacT:<\/div>\n<div dir=\"auto\">Tr\u1ecdng l\u01b0\u1ee3ng: 3kg<\/div>\n<div dir=\"auto\">Lo\u1ea1i m\u00e1y chi\u1ebfu: S\u1eed d\u1ee5ng cho gia \u0111\u00ecnh<\/div>\n<div dir=\"auto\">K\u1ebft n\u1ed1i \u0111\u1ea7u v\u00e0o: HDMI, Stereo, USB, VGA<\/div>\n<div dir=\"auto\">T\u00ednh n\u0103ng m\u00e1y chi\u1ebfu: T\u00edch h\u1ee3p audio, C\u00f4ng ngh\u1ec7 LCD, Kho\u1ea3ng c\u00e1ch chi\u1ebfu xa, c\u00f3 th\u1ec3 di chuy\u1ec3n, Kh\u00f4ng d\u00e2y<\/div>\n<div dir=\"auto\">Xu\u1ea5t x\u1ee9: Trung Qu\u1ed1c<\/div>\n<div dir=\"auto\">Lo\u1ea1i b\u1ea3o h\u00e0nh: B\u1ea3o h\u00e0nh nh\u00e0 cung c\u1ea5p<\/div>\n<div dir=\"auto\">Ti\u00eau th\u1ee5 \u0111i\u1ec7n n\u0103ng: 160W<\/div>\n<div dir=\"auto\">\u0110i\u1ec7n \u00e1p \u0111\u1ea7u v\u00e0o: 220V<\/div>\n","protected":false},"featured_media":1982,"comment_status":"open","ping_status":"closed","template":"","meta":[],"product_brand":[],"product_cat":[176,188],"product_tag":[245],"class_list":{"0":"post-1974","1":"product","2":"type-product","3":"status-publish","6":"product_cat-may-chieu","7":"product_cat-may-chieu-mini","8":"product_tag-fly-cana","10":"first","11":"instock","12":"taxable","13":"shipping-taxable","14":"purchasable","15":"product-type-simple"},"_links":{"self":[{"href":"https:\/\/vixav.com.vn\/index.php\/wp-json\/wp\/v2\/product\/1974","targetHints":{"allow":["GET"]}}],"collection":[{"href":"https:\/\/vixav.com.vn\/index.php\/wp-json\/wp\/v2\/product"}],"about":[{"href":"https:\/\/vixav.com.vn\/index.php\/wp-json\/wp\/v2\/types\/product"}],"replies":[{"embeddable":true,"href":"https:\/\/vixav.com.vn\/index.php\/wp-json\/wp\/v2\/comments?post=1974"}],"wp:featuredmedia":[{"embeddable":true,"href":"https:\/\/vixav.com.vn\/index.php\/wp-json\/wp\/v2\/media\/1982"}],"wp:attachment":[{"href":"https:\/\/vixav.com.vn\/index.php\/wp-json\/wp\/v2\/media?parent=1974"}],"wp:term":[{"taxonomy":"product_brand","embeddable":true,"href":"https:\/\/vixav.com.vn\/index.php\/wp-json\/wp\/v2\/product_brand?post=1974"},{"taxonomy":"product_cat","embeddable":true,"href":"https:\/\/vixav.com.vn\/index.php\/wp-json\/wp\/v2\/product_cat?post=1974"},{"taxonomy":"product_tag","embeddable":true,"href":"https:\/\/vixav.com.vn\/index.php\/wp-json\/wp\/v2\/product_tag?post=1974"}],"curies":[{"name":"wp","href":"https:\/\/api.w.org\/{rel}","templated":true}]}}