{"id":1864,"date":"2022-04-06T09:37:24","date_gmt":"2022-04-06T09:37:24","guid":{"rendered":"https:\/\/vixav.com.vn\/?post_type=product&#038;p=1864"},"modified":"2025-11-11T11:06:41","modified_gmt":"2025-11-11T04:06:41","slug":"eh600-may-chieu-thong-minh-khong-day-android-danh-cho-doanh-nghiep-3500lm-1080p","status":"publish","type":"product","link":"https:\/\/vixav.com.vn\/index.php\/san-pham\/eh600-may-chieu-thong-minh-khong-day-android-danh-cho-doanh-nghiep-3500lm-1080p\/","title":{"rendered":"EH600 | M\u00e1y chi\u1ebfu th\u00f4ng minh kh\u00f4ng d\u00e2y Android d\u00e0nh cho doanh nghi\u1ec7p | 3500lm 1080p"},"content":{"rendered":"<div class=\"title2 f_black\"><strong>Projection System<\/strong><\/div>\n<div class=\"row data_row f_gray\">\n<div class=\"col-md-4 col-sm-6 col-xs-6\">\u00a0 \u00a0 \u00a0 \u00a0 \u00a0 \u00a0Projection System: DLP<\/div>\n<\/div>\n<div class=\"title2 f_black\"><strong>Display<\/strong><\/div>\n<div class=\"row data_row f_gray\">\n<div class=\"col-md-4 col-sm-6 col-xs-6\">\u00a0 \u00a0 \u00a0 \u00a0 \u00a0 \u00a0Brightness (ANSI lumens): 3500<\/div>\n<\/div>\n<div class=\"row data_row f_gray\">\n<div class=\"col-md-4 col-sm-6 col-xs-6\">\u00a0 \u00a0 \u00a0 \u00a0 \u00a0 \u00a0Native Resolution:\u00a01080P (1920&#215;1080)<\/div>\n<\/div>\n<div class=\"row data_row f_gray\">\n<div class=\"col-md-4 col-sm-6 col-xs-6\">\u00a0 \u00a0 \u00a0 \u00a0 \u00a0 \u00a0Native Aspect Ratio:\u00a016:9<\/div>\n<\/div>\n<div class=\"row data_row f_gray\">\n<div class=\"col-md-4 col-sm-6 col-xs-6\">\u00a0 \u00a0 \u00a0 \u00a0 \u00a0 \u00a0Contrast Ratio (FOFO): 10,000:1<\/div>\n<\/div>\n<div class=\"row data_row f_gray\">\n<div class=\"col-md-4 col-sm-6 col-xs-6\">\u00a0 \u00a0 \u00a0 \u00a0 \u00a0 \u00a0Display Color: 30-bit (1.07 billion colors)<\/div>\n<\/div>\n<div class=\"row data_row f_gray\">\n<div class=\"col-md-4 col-sm-6 col-xs-6\">\u00a0 \u00a0 \u00a0 \u00a0 \u00a0 \u00a0Light Source:\u00a0Lamp<\/div>\n<\/div>\n<div class=\"row data_row f_gray\">\n<div class=\"col-md-4 col-sm-6 col-xs-6\">\u00a0 \u00a0 \u00a0 \u00a0 \u00a0 \u00a0Light Source Life: a. Normal 5000 hrs,b. ECO 10000 hrs,c. SmartEco 15000 hrs,d. LampSave 15000 hrs<\/div>\n<\/div>\n<div class=\"title2 f_black\"><strong>Optical<\/strong><\/div>\n<div class=\"row data_row f_gray\">\n<div class=\"col-md-4 col-sm-6 col-xs-6\">\u00a0 \u00a0 \u00a0 \u00a0 \u00a0 \u00a0Throw Ratio:\u00a01.49~1.64<\/div>\n<\/div>\n<div class=\"row data_row f_gray\">\n<div class=\"col-md-4 col-sm-6 col-xs-6\">\u00a0 \u00a0 \u00a0 \u00a0 \u00a0 \u00a0Zoom Ratio:\u00a01.1x<\/div>\n<\/div>\n<div class=\"row data_row f_gray\">\n<div class=\"col-md-4 col-sm-6 col-xs-6\">\u00a0 \u00a0 \u00a0 \u00a0 \u00a0 \u00a0Lens:\u00a0F\/# = 2.56 ~ 2.68, f = 22 ~ 24.1 mm<\/div>\n<\/div>\n<div class=\"row data_row f_gray\">\n<div class=\"col-md-4 col-sm-6 col-xs-6\">\u00a0 \u00a0 \u00a0 \u00a0 \u00a0 \u00a0Projection Offset (Full-Height):\u00a0108%<\/div>\n<\/div>\n<div class=\"row data_row f_gray\">\n<div class=\"col-md-4 col-sm-6 col-xs-6\">\u00a0 \u00a0 \u00a0 \u00a0 \u00a0 \u00a0Keystone Adjustment:\u00a01D, Vertical \u00b1 40 degrees<\/div>\n<\/div>\n<div class=\"title2 f_black\"><strong>Compatibility<\/strong><\/div>\n<div class=\"row data_row f_gray\">\n<div class=\"col-md-4 col-sm-6 col-xs-6\">\u00a0 \u00a0 \u00a0 \u00a0 \u00a0 \u00a0Input Lag:\u00a034 ms (1080p@60Hz)<\/div>\n<\/div>\n<div class=\"row data_row f_gray\">\n<div class=\"col-md-4 col-sm-6 col-xs-6\">\u00a0 \u00a0 \u00a0 \u00a0 \u00a0 \u00a0Resolution Support:\u00a0VGA(640 x 480) to WUXGA_RB(1920 x 1200) *RB=Reduced blanking<\/div>\n<\/div>\n<div class=\"row data_row f_gray\">\n<div class=\"col-md-4 col-sm-6 col-xs-6\">\u00a0 \u00a0 \u00a0 \u00a0 \u00a0 \u00a0Horizontal Frequency:\u00a015K~102KHz<\/div>\n<\/div>\n<div class=\"row data_row f_gray\">\n<div class=\"col-md-4 col-sm-6 col-xs-6\">\u00a0 \u00a0 \u00a0 \u00a0 \u00a0 \u00a0Vertical Scan Rate:\u00a023~120Hz<\/div>\n<\/div>\n<div class=\"title2 f_black\"><strong>I\/O Interface<\/strong><\/div>\n<div class=\"title2 f_black\">\u00a0 \u00a0 \u00a0 \u00a0 \u00a0 \u00a0PC in (D-sub 15pin): PC in-1 (shared with component video)<\/div>\n<div class=\"row data_row f_gray\">\n<div class=\"col-md-4 col-sm-6 col-xs-6\">\u00a0 \u00a0 \u00a0 \u00a0 \u00a0 \u00a0Monitor out (D-sub 15pin): (x1)<\/div>\n<\/div>\n<div class=\"row data_row f_gray\">\n<div class=\"col-md-4 col-sm-6 col-xs-6\">\u00a0 \u00a0 \u00a0 \u00a0 \u00a0 \u00a0HDMI in:\u00a0(x1),HDMI-1 (1.4a\/HDCP1.4)<\/div>\n<\/div>\n<div class=\"row data_row f_gray\">\n<div class=\"col-md-4 col-sm-6 col-xs-6\">\u00a0 \u00a0 \u00a0 \u00a0 \u00a0 \u00a0USB Type A: (x3),USB Type A-1 (2.0\/Power Supply1.0A\/Reader),USB Type A-2 (2.0\/Power Supply1.5A\/Reader),USB Type A-3 (2.0\/Wireless Dongle)<\/div>\n<\/div>\n<div class=\"row data_row f_gray\">\n<div class=\"col-md-4 col-sm-6 col-xs-6\">\u00a0 \u00a0 \u00a0 \u00a0 \u00a0 \u00a0USB Type Mini B:\u00a0(x1),USB Type Mini B-1(service\/Page up&amp;down)<\/div>\n<\/div>\n<div class=\"row data_row f_gray\">\n<div class=\"col-md-4 col-sm-6 col-xs-6\">\u00a0 \u00a0 \u00a0 \u00a0 \u00a0 \u00a0RS232 in (DB-9pin):\u00a0(x1)<\/div>\n<\/div>\n<div class=\"title2 f_black\"><strong>Audio<\/strong><\/div>\n<div class=\"row data_row f_gray\">\n<div class=\"col-md-4 col-sm-6 col-xs-6\">\u00a0 \u00a0 \u00a0 \u00a0 \u00a0 \u00a0Speaker:\u00a0(x1),2W<\/div>\n<\/div>\n<div class=\"row data_row f_gray\">\n<div class=\"col-md-4 col-sm-6 col-xs-6\">\u00a0 \u00a0 \u00a0 \u00a0 \u00a0 \u00a0Audio in (3.5mm Mini Jack):\u00a0(x1)<\/div>\n<\/div>\n<div class=\"row data_row f_gray\">\n<div class=\"col-md-4 col-sm-6 col-xs-6\">\u00a0 \u00a0 \u00a0 \u00a0 \u00a0 \u00a0Audio out (3.5mm Mini Jack):\u00a0(x1)<\/div>\n<\/div>\n<div class=\"title2 f_black\"><strong>Environment<\/strong><\/div>\n<div class=\"row data_row f_gray\">\n<div class=\"col-md-4 col-sm-6 col-xs-6\">\u00a0 \u00a0 \u00a0 \u00a0 \u00a0 \u00a0Power Supply:\u00a0AC 100 to 240 V, 50\/60 Hz<\/div>\n<\/div>\n<div class=\"row data_row f_gray\">\n<div class=\"col-md-4 col-sm-6 col-xs-6\">\u00a0 \u00a0 \u00a0 \u00a0 \u00a0 \u00a0Typical Power Consumption (110V):\u00a0270W\/110V<\/div>\n<\/div>\n<div class=\"row data_row f_gray\">\n<div class=\"col-md-4 col-sm-6 col-xs-6\">\u00a0 \u00a0 \u00a0 \u00a0 \u00a0 \u00a0Stand-by Power Consumption:\u00a0&lt;0.5W<\/div>\n<\/div>\n<div class=\"row data_row f_gray\">\n<div class=\"col-md-4 col-sm-6 col-xs-6\">\u00a0 \u00a0 \u00a0 \u00a0 \u00a0 \u00a0Acoustic Noise (Typ.\/Eco.)(dB):\u00a033\/29 dB<\/div>\n<\/div>\n<div class=\"row data_row f_gray\">\n<div class=\"col-md-4 col-sm-6 col-xs-6\">\u00a0 \u00a0 \u00a0 \u00a0 \u00a0 \u00a0Operating Temperature:\u00a00~40\u2103<\/div>\n<\/div>\n<div class=\"title2 f_black\"><strong>Accessories<\/strong><\/div>\n<div class=\"row data_row f_gray\">\n<div class=\"col-md-4 col-sm-6 col-xs-6\">\u00a0 \u00a0 \u00a0 \u00a0 \u00a0 \u00a0Wireless USB dongle:\u00a0WDR02U<\/div>\n<\/div>\n<div class=\"row data_row f_gray\">\n<div class=\"col-md-4 col-sm-6 col-xs-6\">\u00a0 \u00a0 \u00a0 \u00a0 \u00a0 \u00a0Carry Bag:\u00a0(optional),5J.J3T09.001<\/div>\n<\/div>\n<div class=\"row data_row f_gray\">\n<div class=\"col-md-4 col-sm-6 col-xs-6\">\u00a0 \u00a0 \u00a0 \u00a0 \u00a0 \u00a0Remote Control w\/ Battery:\u00a0RCI023<\/div>\n<\/div>\n<div class=\"row data_row f_gray\">\n<div class=\"col-md-4 col-sm-6 col-xs-6\">\u00a0 \u00a0 \u00a0 \u00a0 \u00a0 \u00a0Power Cord (by region):\u00a0x1 (1.8M)<\/div>\n<\/div>\n<div class=\"row data_row f_gray\">\n<div class=\"col-md-4 col-sm-6 col-xs-6\">\u00a0 \u00a0 \u00a0 \u00a0 \u00a0 \u00a0VGA(D-sub 15pin) Cable:\u00a0(Standard),1 (1.5m)<\/div>\n<\/div>\n<div class=\"row data_row f_gray\">\n<div class=\"col-md-4 col-sm-6 col-xs-6\">\u00a0 \u00a0 \u00a0 \u00a0 \u00a0 \u00a03D Glasses; (Optional),DGD5<\/div>\n<\/div>\n<div class=\"row data_row f_gray\">\n<div class=\"col-md-4 col-sm-6 col-xs-6\">\u00a0 \u00a0 \u00a0 \u00a0 \u00a0 \u00a0Quick Start Guide:\u00a0(x1) 21L<\/div>\n<\/div>\n<div class=\"row data_row f_gray\">\n<div class=\"col-md-4 col-sm-6 col-xs-6\">\u00a0 \u00a0 \u00a0 \u00a0 \u00a0 \u00a0Warranty Card (by region):\u00a0Yes<\/div>\n<\/div>\n<div class=\"row data_row f_gray\">\n<div class=\"col-md-4 col-sm-6 col-xs-6\">\u00a0 \u00a0 \u00a0 \u00a0 \u00a0 \u00a0Universal Ceiling Mount:\u00a0(Optional),CMG3<\/div>\n<\/div>\n<div class=\"title2 f_black\"><strong>Onscreen Display<\/strong><\/div>\n<div class=\"title2 f_black\">\u00a0 \u00a0 \u00a0 \u00a0 \u00a0 \u00a0Launcher: Smart Business<\/div>\n<div class=\"title2 f_black\"><strong>Smart System<\/strong><\/div>\n<div class=\"row data_row f_gray\">\n<div class=\"col-md-4 col-sm-6 col-xs-6\">\u00a0 \u00a0 \u00a0 \u00a0 \u00a0 \u00a0Built-in OS:\u00a0Yes, Android 6.0<\/div>\n<\/div>\n<div class=\"row data_row f_gray\">\n<div class=\"col-md-4 col-sm-6 col-xs-6\">\u00a0 \u00a0 \u00a0 \u00a0 \u00a0 \u00a0Bluetooth:\u00a0Yes, Bluetooth 4.0<\/div>\n<\/div>\n<div class=\"row data_row f_gray\">\n<div class=\"col-md-4 col-sm-6 col-xs-6\">\u00a0 \u00a0 \u00a0 \u00a0 \u00a0 \u00a0Wi-Fi Standard:\u00a0802.11 a\/b\/g\/n\/ac (2.4G\/5G)<\/div>\n<\/div>\n<div class=\"row data_row f_gray\">\n<div class=\"col-md-4 col-sm-6 col-xs-6\">\u00a0 \u00a0 \u00a0 \u00a0 \u00a0 \u00a0Wireless Projection: Google Cast<\/div>\n<\/div>\n<div class=\"title2 f_black\"><strong>Dimension &amp; Weight<\/strong><\/div>\n<div class=\"row data_row f_gray\">\n<div class=\"col-md-4 col-sm-6 col-xs-6\">\u00a0 \u00a0 \u00a0 \u00a0 \u00a0 \u00a0Dimensions (WxHxD) (mm):\u00a0296 x120 x232<\/div>\n<\/div>\n<div class=\"row data_row f_gray\">\n<div class=\"col-md-4 col-sm-6 col-xs-6\">\u00a0 \u00a0 \u00a0 \u00a0 \u00a0 \u00a0Net Weight (kg):\u00a02.5 kg(5lbs)<\/div>\n<\/div>\n<div class=\"row data_row f_gray\">\n<div class=\"col-md-4 col-sm-6 col-xs-6\">\u00a0 \u00a0 \u00a0 \u00a0 \u00a0 \u00a0Net Weight (lb):\u00a05<\/div>\n<\/div>\n","protected":false},"excerpt":{"rendered":"<p>Projection System \u00a0 \u00a0 \u00a0 \u00a0 \u00a0 \u00a0Projection System: DLP Display \u00a0 \u00a0 \u00a0 \u00a0 \u00a0 \u00a0Brightness (ANSI lumens): 3500 \u00a0 \u00a0 \u00a0 \u00a0 \u00a0 \u00a0Native Resolution:\u00a01080P (1920&#215;1080) \u00a0 \u00a0<\/p>\n","protected":false},"featured_media":1865,"comment_status":"open","ping_status":"closed","template":"","meta":[],"product_brand":[],"product_cat":[183,176],"product_tag":[],"class_list":{"0":"post-1864","1":"product","2":"type-product","3":"status-publish","6":"product_cat-benq","7":"product_cat-may-chieu","9":"first","10":"instock","11":"taxable","12":"shipping-taxable","13":"product-type-simple"},"_links":{"self":[{"href":"https:\/\/vixav.com.vn\/index.php\/wp-json\/wp\/v2\/product\/1864","targetHints":{"allow":["GET"]}}],"collection":[{"href":"https:\/\/vixav.com.vn\/index.php\/wp-json\/wp\/v2\/product"}],"about":[{"href":"https:\/\/vixav.com.vn\/index.php\/wp-json\/wp\/v2\/types\/product"}],"replies":[{"embeddable":true,"href":"https:\/\/vixav.com.vn\/index.php\/wp-json\/wp\/v2\/comments?post=1864"}],"wp:featuredmedia":[{"embeddable":true,"href":"https:\/\/vixav.com.vn\/index.php\/wp-json\/wp\/v2\/media\/1865"}],"wp:attachment":[{"href":"https:\/\/vixav.com.vn\/index.php\/wp-json\/wp\/v2\/media?parent=1864"}],"wp:term":[{"taxonomy":"product_brand","embeddable":true,"href":"https:\/\/vixav.com.vn\/index.php\/wp-json\/wp\/v2\/product_brand?post=1864"},{"taxonomy":"product_cat","embeddable":true,"href":"https:\/\/vixav.com.vn\/index.php\/wp-json\/wp\/v2\/product_cat?post=1864"},{"taxonomy":"product_tag","embeddable":true,"href":"https:\/\/vixav.com.vn\/index.php\/wp-json\/wp\/v2\/product_tag?post=1864"}],"curies":[{"name":"wp","href":"https:\/\/api.w.org\/{rel}","templated":true}]}}