{"id":1817,"date":"2022-03-10T03:55:11","date_gmt":"2022-03-10T03:55:11","guid":{"rendered":"https:\/\/vixav.com.vn\/?post_type=product&#038;p=1817"},"modified":"2026-03-24T18:12:51","modified_gmt":"2026-03-24T11:12:51","slug":"asus-zenbeam-s2","status":"publish","type":"product","link":"https:\/\/vixav.com.vn\/index.php\/san-pham\/asus-zenbeam-s2\/","title":{"rendered":"ASUS ZenBeam S2"},"content":{"rendered":"<table width=\"405\">\n<tbody>\n<tr>\n<td width=\"405\">C\u00f4ng ngh\u1ec7 tr\u00ecnh chi\u1ebfu: DLP<\/td>\n<\/tr>\n<tr>\n<td>\u0110\u1ed9 ph\u00e2n gi\u1ea3i g\u1ed1c: 1280&#215;720 (HD)<\/td>\n<\/tr>\n<tr>\n<td width=\"405\">\u0110\u1ed9 ph\u00e2n gi\u1ea3i \u0111\u1ea7u v\u00e0o t\u1ed1i \u0111a: 1920&#215;1080<\/td>\n<\/tr>\n<tr>\n<td width=\"405\">\u0110\u1ed9 s\u00e1ng: 500 Lumen<\/td>\n<\/tr>\n<tr>\n<td width=\"405\">K\u1ebft n\u1ed1i: HDMI, USB &#8211; C<\/td>\n<\/tr>\n<tr>\n<td width=\"405\">K\u00edch th\u01b0\u1edbc h\u00ecnh chi\u1ebfu: 60 &#8220;~ 120&#8221;<\/td>\n<\/tr>\n<tr>\n<td width=\"405\">Tu\u1ed5i th\u1ecd ngu\u1ed3n s\u00e1ng: 30.000 gi\u1edd<\/td>\n<\/tr>\n<tr>\n<td width=\"405\">K\u1ebft n\u1ed1i: HDMI, USB &#8211; C (DP), USB &#8211; A, Audio out<\/td>\n<\/tr>\n<tr>\n<td width=\"405\">Loa: 2W x 1<\/td>\n<\/tr>\n<tr>\n<td width=\"405\">\u0110\u1ed9 l\u1ec7ch tr\u00ecnh chi\u1ebfu: 100% \u00b1 5%<\/td>\n<\/tr>\n<tr>\n<td width=\"405\">Chi\u1ebfu kh\u00f4ng d\u00e2y: WIFI, Bluetooth<\/td>\n<\/tr>\n<tr>\n<td width=\"405\">Dung l\u01b0\u1ee3ng pin: 6000 mAh<\/td>\n<\/tr>\n<tr>\n<td width=\"405\">Th\u1eddi gian pin (T\u1ed1i \u0111a): 3,5 gi\u1edd<\/td>\n<\/tr>\n<\/tbody>\n<\/table>\n","protected":false},"excerpt":{"rendered":"<p>M\u00e1y chi\u1ebfu LED di \u0111\u1ed9ng ASUS ZenBeam S2 &#8211; 500 Lumen, 720P, USB-C, Pin 6000mAh t\u00edch h\u1ee3p, pin s\u1ea1c d\u1ef1 ph\u00f2ng Power Bank, t\u00ednh n\u0103ng Chi\u1ebfu g\u1ea7n, \u0110i\u1ec1u ch\u1ec9nh vu\u00f4ng h\u00ecnh ngang &amp; d\u1ecdc, L\u1ea5y n\u00e9t t\u1ef1 \u0111\u1ed9ng, HDMI<\/p>\n","protected":false},"featured_media":1824,"comment_status":"open","ping_status":"closed","template":"","meta":[],"product_brand":[],"product_cat":[235,176,188],"product_tag":[],"class_list":{"0":"post-1817","1":"product","2":"type-product","3":"status-publish","6":"product_cat-asus","7":"product_cat-may-chieu","8":"product_cat-may-chieu-mini","10":"first","11":"instock","12":"taxable","13":"shipping-taxable","14":"product-type-simple"},"_links":{"self":[{"href":"https:\/\/vixav.com.vn\/index.php\/wp-json\/wp\/v2\/product\/1817","targetHints":{"allow":["GET"]}}],"collection":[{"href":"https:\/\/vixav.com.vn\/index.php\/wp-json\/wp\/v2\/product"}],"about":[{"href":"https:\/\/vixav.com.vn\/index.php\/wp-json\/wp\/v2\/types\/product"}],"replies":[{"embeddable":true,"href":"https:\/\/vixav.com.vn\/index.php\/wp-json\/wp\/v2\/comments?post=1817"}],"wp:featuredmedia":[{"embeddable":true,"href":"https:\/\/vixav.com.vn\/index.php\/wp-json\/wp\/v2\/media\/1824"}],"wp:attachment":[{"href":"https:\/\/vixav.com.vn\/index.php\/wp-json\/wp\/v2\/media?parent=1817"}],"wp:term":[{"taxonomy":"product_brand","embeddable":true,"href":"https:\/\/vixav.com.vn\/index.php\/wp-json\/wp\/v2\/product_brand?post=1817"},{"taxonomy":"product_cat","embeddable":true,"href":"https:\/\/vixav.com.vn\/index.php\/wp-json\/wp\/v2\/product_cat?post=1817"},{"taxonomy":"product_tag","embeddable":true,"href":"https:\/\/vixav.com.vn\/index.php\/wp-json\/wp\/v2\/product_tag?post=1817"}],"curies":[{"name":"wp","href":"https:\/\/api.w.org\/{rel}","templated":true}]}}