{"id":1771,"date":"2022-02-14T08:15:14","date_gmt":"2022-02-14T08:15:14","guid":{"rendered":"https:\/\/vixav.com.vn\/?post_type=product&#038;p=1771"},"modified":"2026-05-13T00:00:40","modified_gmt":"2026-05-12T17:00:40","slug":"may-chieu-salange-m19","status":"publish","type":"product","link":"https:\/\/vixav.com.vn\/index.php\/san-pham\/may-chieu-salange-m19\/","title":{"rendered":"M\u00e1y chi\u1ebfu Salange M19"},"content":{"rendered":"","protected":false},"excerpt":{"rendered":"<p>M\u00e1y chi\u1ebfu Salange M19.<\/p>\n<p>\u0110\u1ed9 ph\u00e2n gi\u1ea3i th\u1ef1c Full HD 1920 x 1080<\/p>\n<p>Lamp LED<\/p>\n<p>Tu\u1ed5i th\u1ecd b\u00f3ng \u0111\u00e8n 30000h<\/p>\n<p>T\u00ecnh tr\u1ea1ng: m\u00e1y m\u1edbi 100%, chi\u1ebfu s\u00e1ng \u0111\u1eb9p r\u00f5 n\u00e9t. Ph\u00f9 h\u1ee3p ph\u00f2ng phim gia \u0111\u00ecnh, cafe&#8230;<\/p>\n","protected":false},"featured_media":1772,"comment_status":"open","ping_status":"closed","template":"","meta":[],"product_brand":[],"product_cat":[175,188,233],"product_tag":[],"class_list":{"0":"post-1771","1":"product","2":"type-product","3":"status-publish","6":"product_cat-man-chieu","7":"product_cat-may-chieu-mini","8":"product_cat-salange","10":"first","11":"instock","12":"sale","13":"taxable","14":"shipping-taxable","15":"purchasable","16":"product-type-simple"},"_links":{"self":[{"href":"https:\/\/vixav.com.vn\/index.php\/wp-json\/wp\/v2\/product\/1771","targetHints":{"allow":["GET"]}}],"collection":[{"href":"https:\/\/vixav.com.vn\/index.php\/wp-json\/wp\/v2\/product"}],"about":[{"href":"https:\/\/vixav.com.vn\/index.php\/wp-json\/wp\/v2\/types\/product"}],"replies":[{"embeddable":true,"href":"https:\/\/vixav.com.vn\/index.php\/wp-json\/wp\/v2\/comments?post=1771"}],"wp:featuredmedia":[{"embeddable":true,"href":"https:\/\/vixav.com.vn\/index.php\/wp-json\/wp\/v2\/media\/1772"}],"wp:attachment":[{"href":"https:\/\/vixav.com.vn\/index.php\/wp-json\/wp\/v2\/media?parent=1771"}],"wp:term":[{"taxonomy":"product_brand","embeddable":true,"href":"https:\/\/vixav.com.vn\/index.php\/wp-json\/wp\/v2\/product_brand?post=1771"},{"taxonomy":"product_cat","embeddable":true,"href":"https:\/\/vixav.com.vn\/index.php\/wp-json\/wp\/v2\/product_cat?post=1771"},{"taxonomy":"product_tag","embeddable":true,"href":"https:\/\/vixav.com.vn\/index.php\/wp-json\/wp\/v2\/product_tag?post=1771"}],"curies":[{"name":"wp","href":"https:\/\/api.w.org\/{rel}","templated":true}]}}