{"id":1522,"date":"2021-12-29T07:42:52","date_gmt":"2021-12-29T07:42:52","guid":{"rendered":"https:\/\/vixav.com.vn\/?post_type=product&#038;p=1522"},"modified":"2021-12-29T07:43:21","modified_gmt":"2021-12-29T07:43:21","slug":"may-chieu-roly-rl-s380w","status":"publish","type":"product","link":"https:\/\/vixav.com.vn\/index.php\/san-pham\/may-chieu-roly-rl-s380w\/","title":{"rendered":"M\u00e1y chi\u1ebfu Roly RL-S380W"},"content":{"rendered":"<h2><strong>KH\u00d4NG GIAN NH\u1ece V\u1edaI B\u1ee8C TRANH L\u1edaN, HI\u1ec6U SU\u1ea4T TUY\u1ec6T V\u1edcI CHO TRI\u1ec2N L\u00c3M<\/strong><\/h2>\n<p>V\u1edbi \u1ed1ng k\u00ednh m\u1eaft c\u00e1 ti\u00eau c\u1ef1 ng\u1eafn, b\u1ea5t k\u1ef3 kh\u00f4ng gian tri\u1ec3n l\u00e3m n\u00e0o c\u0169ng c\u00f3 th\u1ec3 gi\u1edbi thi\u1ec7u m\u1ed9t b\u1ee9c tranh l\u1edbn.<br \/>\nKh\u00f4ng c\u1ea7n thay \u1ed1ng k\u00ednh, gi\u1ea3m thi\u1ec3u r\u1eafc r\u1ed1i khi thay \u1ed1ng k\u00ednh v\u00e0 v\u1ea5n \u0111\u1ec1 suy gi\u1ea3m \u00e1nh s\u00e1ng t\u1eeb \u1ed1ng k\u00ednh thay th\u1ebf.<\/p>\n<h2><strong>\u0110\u01af\u1ee2C THI\u1ebeT K\u1ebe CHO M\u00c0U S\u1eaeC TR\u1ef0C QUAN \u2013 C\u00d4NG NGH\u1ec6 3LCD<\/strong><\/h2>\n<p>\u0110\u1ed1i v\u1edbi c\u00f4ng ngh\u1ec7 3LCD, \u0111\u1ed9 s\u00e1ng m\u00e0u t\u01b0\u01a1ng \u0111\u01b0\u01a1ng v\u1edbi \u0111\u1ed9 s\u00e1ng tr\u1eafng.\u00a0Kh\u00f4ng c\u00f3 hi\u1ec7u \u1ee9ng c\u1ea7u v\u1ed3ng, v\u00e0 kh\u1ea3 n\u0103ng ph\u1ee5c h\u1ed3i m\u00e0u s\u1eafc cao h\u01a1n, s\u1ebd t\u1ea1o ra m\u00e0u s\u1eafc th\u1ef1c v\u00e0 t\u1ef1 nhi\u00ean h\u01a1n.<\/p>\n<h2><strong>KH\u00d4NG C\u00d3 NGU\u1ed2N S\u00c1NG THAY TH\u1ebe TRONG 20.000 GI\u1edc<\/strong><\/h2>\n<p>Ngu\u1ed3n s\u00e1ng laser c\u00f3 tu\u1ed5i th\u1ecd c\u1ef1c d\u00e0i 20.000 gi\u1edd.\u00a0V\u1edbi \u0111\u1eb7c t\u00ednh ti\u1ebft ki\u1ec7m n\u0103ng l\u01b0\u1ee3ng v\u00e0 th\u00e2n thi\u1ec7n v\u1edbi m\u00f4i tr\u01b0\u1eddng, m\u00e1y c\u00f3 th\u1ec3 ti\u1ebft ki\u1ec7m h\u01a1n 30% n\u0103ng l\u01b0\u1ee3ng so v\u1edbi c\u00e1c d\u00f2ng m\u00e1y chi\u1ebfu ph\u1ed5 th\u00f4ng.<\/p>\n<h2><strong>C\u00d4NG NGH\u1ec6 L\u00c0M GI\u00c0U M\u00c0U S\u1eaeC C\u1ee6A ROLY CHAMELEON<\/strong><\/h2>\n<p>V\u1edbi h\u01a1n 70% \u0111\u1ed9 bao ph\u1ee7 c\u1ee7a gam m\u00e0u ti\u00eau chu\u1ea9n NTSC, n\u00f3 th\u1ef1c s\u1ef1 kh\u00f4i ph\u1ee5c l\u1ea1i m\u00e0u s\u1eafc t\u1ef1 nhi\u00ean m\u00e0 m\u1eaft ng\u01b0\u1eddi nh\u00ecn th\u1ea5y.\u00a0C\u00f4ng ngh\u1ec7 t\u1ed5ng th\u1ec3 gi\u1ed1ng nh\u01b0 m\u1ed9t ch\u00fa t\u1eafc k\u00e8 hoa c\u00f3 th\u1ec3 hi\u1ec3n th\u1ecb ch\u00ednh x\u00e1c v\u00e0 nhanh ch\u00f3ng m\u00e0u b\u1ea3o v\u1ec7 c\u1ee7a ch\u00ednh n\u00f3 khi b\u1ecb t\u00e1c \u0111\u1ed9ng b\u1edfi m\u00f4i tr\u01b0\u1eddng.<\/p>\n<h2><strong>THI\u1ebeT K\u1ebe CHO GI\u00c1O D\u1ee4C \/ CU\u1ed8C H\u1eccP \u2013 CH\u1ebe \u0110\u1ed8 TR\u00ccNH B\u00c0Y<\/strong><\/h2>\n<p>\u0110\u1ec3 b\u00f9 \u0111\u1eafp nh\u1eefng thi\u1ebfu s\u00f3t trong c\u00f4ng ngh\u1ec7 3LCD, ch\u1ebf \u0111\u1ed9 tr\u00ecnh chi\u1ebfu c\u1ee7a ROLY cung c\u1ea5p \u0111\u1ed9 t\u01b0\u01a1ng ph\u1ea3n cao trong m\u00e0u \u0111en v\u00e0 tr\u1eafng \u0111\u1ec3 c\u1ea3i thi\u1ec7n kh\u1ea3 n\u0103ng \u0111\u1ecdc, do \u0111\u00f3 v\u0103n b\u1ea3n v\u00e0 bi\u1ec3u \u0111\u1ed3 c\u00f3 th\u1ec3 \u0111\u01b0\u1ee3c tr\u00ecnh b\u00e0y r\u00f5 r\u00e0ng v\u00e0 ch\u00ednh x\u00e1c.<\/p>\n","protected":false},"excerpt":{"rendered":"<p>So v\u1edbi c\u00e1c\u00a0 th\u01b0\u01a1ng hi\u1ec7u kh\u00e1c, M\u00e1y chi\u1ebfu Roly thi\u1ebft k\u1ebf thanh l\u1ecbch nh\u1eb9 v\u00e0 \u0111\u01a1n gi\u1ea3n. Do v\u1eady thu\u1eadn ti\u1ec7n h\u01a1n \u0111\u1ec3 c\u00e0i \u0111\u1eb7t ho\u1eb7c mang theo, ph\u00f9 h\u1ee3p \u0111\u1ec3 l\u1eafp \u0111\u1eb7t trong c\u00e1c m\u00f4i tr\u01b0\u1eddng kh\u00e1c nhau.<br \/>\nNh\u1ecf nh\u1ea5t v\u00e0 nh\u1eb9 nh\u1ea5t \u0111\u1ec1 c\u1eadp \u0111\u1ebfn k\u1ebft qu\u1ea3 so s\u00e1nh c\u1ee7a m\u00e1y chi\u1ebfu laser \u0111\u1ed9 s\u00e1ng 4000 \u0111\u1ebfn 5000 lumen tr\u00ean to\u00e0n c\u1ea7u t\u00ednh \u0111\u1ebfn th\u00e1ng 8 n\u0103m 2019.<\/p>\n","protected":false},"featured_media":1527,"comment_status":"open","ping_status":"closed","template":"","meta":[],"product_brand":[],"product_cat":[176,184],"product_tag":[],"class_list":{"0":"post-1522","1":"product","2":"type-product","3":"status-publish","6":"product_cat-may-chieu","7":"product_cat-roly","9":"first","10":"instock","11":"taxable","12":"shipping-taxable","13":"product-type-simple"},"_links":{"self":[{"href":"https:\/\/vixav.com.vn\/index.php\/wp-json\/wp\/v2\/product\/1522","targetHints":{"allow":["GET"]}}],"collection":[{"href":"https:\/\/vixav.com.vn\/index.php\/wp-json\/wp\/v2\/product"}],"about":[{"href":"https:\/\/vixav.com.vn\/index.php\/wp-json\/wp\/v2\/types\/product"}],"replies":[{"embeddable":true,"href":"https:\/\/vixav.com.vn\/index.php\/wp-json\/wp\/v2\/comments?post=1522"}],"wp:featuredmedia":[{"embeddable":true,"href":"https:\/\/vixav.com.vn\/index.php\/wp-json\/wp\/v2\/media\/1527"}],"wp:attachment":[{"href":"https:\/\/vixav.com.vn\/index.php\/wp-json\/wp\/v2\/media?parent=1522"}],"wp:term":[{"taxonomy":"product_brand","embeddable":true,"href":"https:\/\/vixav.com.vn\/index.php\/wp-json\/wp\/v2\/product_brand?post=1522"},{"taxonomy":"product_cat","embeddable":true,"href":"https:\/\/vixav.com.vn\/index.php\/wp-json\/wp\/v2\/product_cat?post=1522"},{"taxonomy":"product_tag","embeddable":true,"href":"https:\/\/vixav.com.vn\/index.php\/wp-json\/wp\/v2\/product_tag?post=1522"}],"curies":[{"name":"wp","href":"https:\/\/api.w.org\/{rel}","templated":true}]}}