{"id":1378,"date":"2021-12-17T09:12:53","date_gmt":"2021-12-17T09:12:53","guid":{"rendered":"https:\/\/vixav.com.vn\/?post_type=product&#038;p=1378"},"modified":"2025-12-03T18:53:12","modified_gmt":"2025-12-03T11:53:12","slug":"may-chieu-digital-projector-e-vision-laser-10k","status":"publish","type":"product","link":"https:\/\/vixav.com.vn\/index.php\/san-pham\/may-chieu-digital-projector-e-vision-laser-10k\/","title":{"rendered":"M\u00e1y chi\u1ebfu Digital Projector E-VISION Laser 10K"},"content":{"rendered":"<p>Th\u00f4ng s\u1ed1 thi\u1ebft b\u1ecb:<a href=\"https:\/\/www.digitalprojection.com\/projector-spec-new.php?id=870\"><strong> Click t\u1ea3i xu\u1ed1ng<\/strong><\/a><\/p>\n<p>Chip \u0111\u01a1n DLP E-Vision Laser 10K s\u00e1ng \u0111\u1eb7c bi\u1ec7t cung c\u1ea5p 10.500 lumen \u0111\u00e1ng kinh ng\u1ea1c t\u1eeb ngu\u1ed3n s\u00e1ng tr\u1ea1ng th\u00e1i r\u1eafn \u1ed5n \u0111\u1ecbnh, c\u00f3 kh\u1ea3 n\u0103ng t\u1ea1o ra h\u01a1n 20.000 gi\u1edd chi\u1ebfu s\u00e1ng.\u00a0T\u1ea1i c\u00e1c \u0111\u1ecba \u0111i\u1ec3m chuy\u00ean nghi\u1ec7p nh\u01b0 kh\u00e1n ph\u00f2ng v\u00e0 \u0110i\u1ec3m du l\u1ecbch th\u01b0\u1eddng xuy\u00ean ph\u1ea3i \u0111\u1ed1i m\u1eb7t v\u1edbi m\u1ee9c \u0111\u1ed9 \u00e1nh s\u00e1ng xung quanh cao, \u0111\u1ed9 s\u00e1ng 10K c\u1ee7a E-Vision Laser \u0111\u1ea3m b\u1ea3o kh\u00e1n gi\u1ea3 s\u1ebd tr\u1ea3i nghi\u1ec7m th\u00f4ng \u0111i\u1ec7p v\u1edbi m\u00e0u s\u1eafc b\u00e3o h\u00f2a, h\u00ecnh \u1ea3nh t\u01b0\u01a1i s\u00e1ng v\u00e0 chi ti\u1ebft v\u00f9ng t\u1ed1i m\u00e0 b\u1ea1n ho\u1eb7c kh\u00e1ch h\u00e0ng c\u1ee7a b\u1ea1n d\u1ef1 \u0111\u1ecbnh.<\/p>\n<p>H\u1ea5p d\u1eabn kh\u00f4ng k\u00e9m l\u00e0 vi\u1ec7c thi\u1ebfu \u0111\u00e8n thay th\u1ebf do h\u1ec7 th\u1ed1ng chi\u1ebfu s\u00e1ng tr\u1ea1ng th\u00e1i r\u1eafn.\u00a0B\u1eb1ng c\u00e1ch b\u1ecf qua c\u00e1c chu k\u1ef3 thay th\u1ebf \u0111\u00e8n th\u00f4ng th\u01b0\u1eddng, h\u1ea7u h\u1ebft m\u1ecdi chi ph\u00ed li\u00ean quan \u0111\u1ebfn E-Vision Laser \u0111\u1ec1u ph\u00e1t sinh t\u1ea1i th\u1eddi \u0111i\u1ec3m mua.\u00a0\u0110\u1eb7c \u0111i\u1ec3m ch\u00ednh n\u00e0y cho ph\u00e9p E-Vision Laser 10K c\u00f3 chi ph\u00ed s\u1edf h\u1eefu th\u1ea5p h\u01a1n nhi\u1ec1u so v\u1edbi tu\u1ed5i th\u1ecd c\u1ee7a m\u00e0n h\u00ecnh.<\/p>\n<p>K\u1ebft h\u1ee3p ngu\u1ed3n chi\u1ebfu s\u00e1ng v\u01b0\u1ee3t tr\u1ed9i, tu\u1ed5i th\u1ecd cao v\u1edbi m\u1ed9t lo\u1ea1t c\u00e1c t\u00ednh n\u0103ng ch\u00ednh x\u00e1c kh\u00e1c v\u00e0 b\u1ea1n c\u00f3 m\u1ed9t gi\u1ea3i ph\u00e1p m\u00e1y chi\u1ebfu ho\u00e0n to\u00e0n ph\u00f9 h\u1ee3p v\u1edbi nhi\u1ec1u \u0111\u1ecba \u0111i\u1ec3m chuy\u00ean nghi\u1ec7p kh\u00e1c nhau.<\/p>\n","protected":false},"excerpt":{"rendered":"<p>M\u00e1y chi\u1ebfu Laser-Phosphor 1 chip c\u1ef1c s\u00e1ng cho m\u00e0n h\u00ecnh v\u1eeba \u0111\u1ebfn l\u1edbn. Chip \u0111\u01a1n DLP E-Vision Laser 10K s\u00e1ng \u0111\u1eb7c bi\u1ec7t cung c\u1ea5p 10.500 lumen \u0111\u00e1ng kinh ng\u1ea1c t\u1eeb ngu\u1ed3n s\u00e1ng tr\u1ea1ng th\u00e1i r\u1eafn \u1ed5n \u0111\u1ecbnh, c\u00f3 kh\u1ea3 n\u0103ng t\u1ea1o ra h\u01a1n 20.000 gi\u1edd chi\u1ebfu s\u00e1ng.\u00a0T\u1ea1i c\u00e1c \u0111\u1ecba \u0111i\u1ec3m chuy\u00ean nghi\u1ec7p nh\u01b0 kh\u00e1n ph\u00f2ng v\u00e0 \u0110i\u1ec3m du l\u1ecbch th\u01b0\u1eddng xuy\u00ean ph\u1ea3i \u0111\u1ed1i m\u1eb7t v\u1edbi m\u1ee9c \u0111\u1ed9 \u00e1nh s\u00e1ng xung quanh cao, \u0111\u1ed9 s\u00e1ng 10K c\u1ee7a E-Vision Laser \u0111\u1ea3m b\u1ea3o kh\u00e1n gi\u1ea3 s\u1ebd tr\u1ea3i nghi\u1ec7m th\u00f4ng \u0111i\u1ec7p v\u1edbi m\u00e0u s\u1eafc b\u00e3o h\u00f2a, h\u00ecnh \u1ea3nh t\u01b0\u01a1i s\u00e1ng v\u00e0 chi ti\u1ebft v\u00f9ng t\u1ed1i m\u00e0 b\u1ea1n ho\u1eb7c kh\u00e1ch h\u00e0ng c\u1ee7a b\u1ea1n d\u1ef1 \u0111\u1ecbnh.<\/p>\n","protected":false},"featured_media":1435,"comment_status":"open","ping_status":"closed","template":"","meta":[],"product_brand":[],"product_cat":[182,180,176],"product_tag":[],"class_list":{"0":"post-1378","1":"product","2":"type-product","3":"status-publish","6":"product_cat-digital-projection","7":"product_cat-laser","8":"product_cat-may-chieu","10":"first","11":"instock","12":"taxable","13":"shipping-taxable","14":"product-type-simple"},"_links":{"self":[{"href":"https:\/\/vixav.com.vn\/index.php\/wp-json\/wp\/v2\/product\/1378","targetHints":{"allow":["GET"]}}],"collection":[{"href":"https:\/\/vixav.com.vn\/index.php\/wp-json\/wp\/v2\/product"}],"about":[{"href":"https:\/\/vixav.com.vn\/index.php\/wp-json\/wp\/v2\/types\/product"}],"replies":[{"embeddable":true,"href":"https:\/\/vixav.com.vn\/index.php\/wp-json\/wp\/v2\/comments?post=1378"}],"wp:featuredmedia":[{"embeddable":true,"href":"https:\/\/vixav.com.vn\/index.php\/wp-json\/wp\/v2\/media\/1435"}],"wp:attachment":[{"href":"https:\/\/vixav.com.vn\/index.php\/wp-json\/wp\/v2\/media?parent=1378"}],"wp:term":[{"taxonomy":"product_brand","embeddable":true,"href":"https:\/\/vixav.com.vn\/index.php\/wp-json\/wp\/v2\/product_brand?post=1378"},{"taxonomy":"product_cat","embeddable":true,"href":"https:\/\/vixav.com.vn\/index.php\/wp-json\/wp\/v2\/product_cat?post=1378"},{"taxonomy":"product_tag","embeddable":true,"href":"https:\/\/vixav.com.vn\/index.php\/wp-json\/wp\/v2\/product_tag?post=1378"}],"curies":[{"name":"wp","href":"https:\/\/api.w.org\/{rel}","templated":true}]}}